uppose 3*v + 35 = -2*b - 2*v, 4*b + 4*v = -40. Let y(j) be the first derivative of -j**4/4 - 2*j**3 - 2*j**2 + 7*j - 10. Determine y(b).
2
Let m(s) be the second derivative of 0 - 4*s + 1/6*s**3 - 5/2*s**2. Determine m(6).
1
Let w(f) be the second derivative of 0 + 1/2*f**2 + 3*f - 5/6*f**3. Give w(1).
-4
Let i(y) = y**3 - 5*y**2 - y + 3. Suppose 0*w = 5*w - 25. Let c be i(w). Let n(q) = -2*q**3 - 2*q**2 + q. Calculate n(c).
6
Let x(n) = n**2 + 4 - 7 + 8*n + 5. Calculate x(-7).
-5
Let t(w) = w**3 - 5*w**2 + 5. Let u(j) = -j**2 - j. Let b(a) = -a**2 + 3*a. Let i(r) = -b(r) - 2*u(r). Let y be i(-1). Let m be 3 + -1 + (y - 1). What is t(m)?
5
Let t(n) = 2*n**2 + n. Suppose -8 = d - 5*d. Suppose 0 = d*j - 4*j + 12. Suppose -4*k = b + 1 + j, -2*k - 6 = -2*b. Determine t(k).
6
Let c(v) = -v**3 + 2*v + 1. Let h be c(-2). Let m(u) = u - 2. Give m(h).
3
Let v(h) = -3*h**3 + h**2 + h - 1. Let m be v(-1). Let n(x) = -4*x + 1. Calculate n(m).
-7
Let d(c) = -c**2 - 18*c - 12. Let k be d(-17). Let x(n) be the second derivative of 0*n**3 - n**2 + 0 + 1/4*n**4 - 1/20*n**k + n. Give x(2).
2
Let c(m) be the first derivative of -4*m**3 + m - 13. What is c(1)?
-11
Let q(n) be the third derivative of n**5/60 + n**4/6 + 2*n**3/3 - 9*n**2. Let c be q(-4). Let b(u) = u**3 - 6*u**2 + 7*u - 6. Give b(c).
-10
Let p(h) be the first derivative of -h**4/4 - 2*h**3/3 - 2*h**2 - 2*h + 2. Let b(l) = 1 - l + 5*l**2 - 4*l**2 + 5*l. Let z be b(-3). Give p(z).
6
Let i(p) be the first derivative of -p**5/120 + p**4/8 + p**3 - 2. Let g(b) be the third derivative of i(b). What is g(6)?
-3
Suppose -4*y - 4*c = -16, 5*c + 4 = 3*y + 6*c. Let z(a) = -a**3 + a**2 + a + 6. Give z(y).
6
Let h = 10 - 7. Let r(s) = -2*s + 12*s**2 - 7*s**2 + s**3 + 2 - 2*s**h. What is r(5)?
-8
Suppose t = 5*t - 8. Suppose -6*c + t*c = 16, -5*c = -5*w - 5. Let u(d) = -d**3 - 5*d**2 - 3*d - 4. Calculate u(w).
11
Let x(q) be the second derivative of q**5/20 - q**4/2 + 2*q**3/3 + 7*q**2/2 + 4*q. What is x(5)?
2
Suppose 0 = 2*j - 7*j. Let m(g) = -2*g**2 - 4 + g**2 + 2*g + j. Let i be 26/6 + 2/(-6). What is m(i)?
-12
Let b = -19 - -26. Let i(w) = w - 12. What is i(b)?
-5
Let h(s) = -s**2 - 5*s. Suppose -5*m - x + 3*x - 3 = 0, 3*x + 8 = -5*m. Let c = -5 - m. What is h(c)?
4
Let g(w) be the third derivative of -2/3*w**3 + 0 + 1/8*w**4 + 0*w + 8*w**2 + 1/60*w**5. Suppose 4*y + 18 + 2 = 0. Calculate g(y).
6
Let m(w) = -w**3 + 4*w**2 + 3*w - 6. Let x be ((-12)/(-8))/(1/2). Suppose -2*n + x = -n. Let p = n - -1. Give m(p).
6
Let t(r) = 5*r**3 + 5*r + 4 - 6*r**3 - 4*r**2 - 9. Suppose d - 4*v + 13 = 0, -2*v = -3*d + d - 14. Calculate t(d).
-5
Let c(n) = n - 1. Let l be ((-2)/4)/(1/6). Calculate c(l).
-4
Let g(f) = f**2 + 2*f + 1. Suppose -3*n + 2*n + 3 = 0. Suppose 4*h = -n + 11. Determine g(h).
9
Let h(l) = l**2 - 1. Let d = -4 + 4. Determine h(d).
-1
Let x(v) be the third derivative of -v**4/12 - v**3 - 10*v**2. Give x(-6).
6
Let p(u) = u**3 + 1. Let s(m) = 7*m**3 + 4*m**2 - 5*m + 11. Let b(j) = -6*p(j) + s(j). Give b(-5).
5
Let x(f) = f + 1. Let i(t) = -3*t - 7. Let a(o) = i(o) + 6*x(o). Determine a(2).
5
Let t(b) = -5*b**2 + 2*b - 1. Let u(l) = 3*l**3 - l**2 - l + 1. Let x be u(1). Suppose -3*k = -x*k - 1. Determine t(k).
-4
Let w(t) = t**3 - 1. Let u(l) = l**2 - l - 7*l - 1 + 0*l. Suppose -y = -4*s + 27, -5*s = y + 3*y - 60. Let p be u(s). Give w(p).
-2
Let f be (-9)/(-3) + (-12)/(-4). Let b(t) = t**3 - 6*t**2 - t - 3. What is b(f)?
-9
Let w(n) = -3*n + 6. Suppose 0 = -5*t + 149 - 124. Determine w(t).
-9
Let d(u) = 2*u**3 + 2*u - 3*u**3 + 4*u**2 + 0*u**3 - 2. Let m = -44 + 46. What is d(m)?
10
Suppose -5*y = l - 4, -2 - 1 = -5*y - 2*l. Let h be 5*y/(-3)*-3. Let t(k) = -3 + k - 2*k + h. Determine t(5).
-3
Let t(o) = -o**2 - 7*o. Let s be -6 - 0*4/16. Calculate t(s).
6
Let d(x) = -x + 11. Let s be d(5). Let t(k) = -k**2 + 8*k - 8. Let a be t(s). Let f(h) = -h**2 + 4*h - 4. What is f(a)?
-4
Let u be ((-24)/28)/(-1 - (-12)/14). Let i(b) = -b - 3. What is i(u)?
-9
Let u(d) = -1 + 173*d - 172*d + 1. Calculate u(-2).
-2
Let c(p) = -p**3 - 3*p**2 + 6*p + 6. Let v(w) = w**3 - 5*w**2 - w + 1. Let t be 0 + (0 - (-1)/(-1)). Let k = 6 + t. Let j be v(k). Determine c(j).
-2
Suppose 0 = k - 0 - 1. Let l(m) = -4*m**2. Calculate l(k).
-4
Let h(j) = -2*j**3 - 2*j**2 + j. Let m be h(1). Let x be (2/m)/(1/(-3)). Let b(l) be the first derivative of -3*l**2/2 - 34. What is b(x)?
-6
Let x(v) = -9*v**3 - v**2. Suppose 16 = 2*f - 0*f. Let c = f - 9. Calculate x(c).
8
Suppose -2*y = -10*y + 8. Let w(a) = -17*a - 1. Determine w(y).
-18
Let q be (-2)/(-5)*(10 - 0) - 1. Let a(o) = -4*o - 3. Give a(q).
-15
Let p(n) = -7*n - 8. Let g(c) = 10*c + 11. Let d(b) = 5*g(b) + 7*p(b). Give d(-1).
-2
Let n be (-2)/(-7) + (-23)/7. Let l be n/9 - (-14)/6. Let f(w) = -3*w**2 + w - 11. Let d(g) = -g**2 + g - 5. Let z(y) = 5*d(y) - 2*f(y). Determine z(l).
7
Suppose 23 = -3*b - 5*j + 4, -7 = -b + 5*j. Let g(c) = c**3 + 5*c**2 + c - 4. What is g(b)?
11
Suppose 2*v + 6 = 2*r, 5*r - 9 = -3*v + 6. Let s(j) = -j - 4 + 5 + 0. Give s(v).
1
Let l(m) = 2*m**3 + m**2 + 4*m - 5*m + 1 + 0 + 0*m. What is l(2)?
19
Let q(f) = f + 7. Let c(v) = -v**2 - 6*v - 8. Let j be c(-6). Let z be (j/24)/(2/30). Determine q(z).
2
Let d(c) = -c**3 - c**2 - c - 1. Let p(x) = -2*x**3 - 7*x**2 - 4*x - 2. Let a(g) = -d(g) + p(g). Determine a(-6).
17
Suppose 0 = -2*j + 2*w + 10, 5*j = j - 5*w - 16. Let d(i) = -6*i**2 + i - 1. What is d(j)?
-6
Let t(q) be the second derivative of -3*q**4/4 + q**3/3 - q**2/2 + q. Let v(w) = -w**2 - 9*w - 17. Let d be v(-6). What is t(d)?
-8
Let p(k) = 45*k**3 + 2*k**2 + 2*k - 7. Let g(y) = -22*y**3 - y**2 - y + 3. Let c(h) = 9*g(h) + 4*p(h). Determine c(-1).
17
Let y(n) = -n + 1. Let k = -10 - -15. Suppose 3 = -k*g - 7. Determine y(g).
3
Suppose -r - a = -9 - 1, -r + 4*a - 10 = 0. Let c(y) = -y**2 + 5*y + 3. Determine c(r).
-3
Let q = 10 + -5. Suppose q*b - d + 10 = 4*d, -b = 3*d - 18. Let y(a) = -a + a - 2 + b*a. Calculate y(3).
7
Suppose 3*f + 3 + 3 = -3*l, -2*f - 12 = -2*l. Let t(s) be the second derivative of 1/12*s**4 + s**3 - s + 0 + 0*s**2. Calculate t(f).
-8
Let y(m) = m**2 - 9*m - 10. Let k be y(10). Let q(r) be the third derivative of 1/120*r**6 + 0 - 1/24*r**4 + 2*r**2 + 1/3*r**3 + 1/15*r**5 + k*r. Give q(-4).
6
Suppose 5*h + 47 = 12. Let y = -5 - h. Let m(w) = 3*w**3 - 3*w**2 + w - 2. Calculate m(y).
12
Suppose -5*o + 6 = -3*o. Let m(c) = 0 + o - 2*c - 3 + 3. Calculate m(5).
-7
Let p(w) = -w**2 - w + 8. Let z = 7 - 7. Calculate p(z).
8
Suppose 2*v - 12 = 26. Suppose 5*y = 2*q + 25, v = y - 4*q - 4. Let i(c) = 4*c**2 + 2*c**2 - 3*c**2 - c**3 - 2 + 2*c. What is i(y)?
4
Let j(p) = -p**2 + 2*p - 3. Let d = 25 + -22. What is j(d)?
-6
Let t(n) = -n**2 - 6*n - 3. Let v be t(-6). Let i(r) = -5*r**3 + 11*r**2 + 11*r + 4. Let m(f) = -f**3 + f**2 + f. Let g(z) = i(z) - 6*m(z). Give g(v).
7
Let z(h) = -3*h - 8. Let g(y) = -4*y - 8. Let u(x) = 4*g(x) - 5*z(x). Let n be u(4). Let r(i) = i**3 - 5*i**2 + 5*i - 5. Give r(n).
-1
Let t(s) = -15*s + 31. Let u(z) = 7*z - 15. Let h(g) = -6*t(g) - 13*u(g). Let c be h(8). Let f(l) = 0*l**2 + l - l**2 + 0*l**3 + 2*l**3 + 0*l**3 - c. Give f(1).
1
Let y(z) be the first derivative of 9*z**4/4 - z + 1. Let f(w) = -2*w - 1. Let k be f(-1). Suppose 1 = 2*l - k. Give y(l).
8
Let o(j) be the third derivative of j**6/240 - j**5/30 - j**4/24 - 2*j**2. Let v(b) be the second derivative of o(b). Give v(3).
5
Let h(f) = f**2 - f + 12. Let r(a) = a**3 - 8*a**2 - 10*a + 9. Let q be r(9). Determine h(q).
12
Let y(i) = i - 1. Let k be y(1). Suppose k*m + 4 = 2*m. Let v(z) = z + 2*z - z**m - 2*z. Calculate v(3).
-6
Let y(c) = -c**3 + c**2 + c - 2. Let p be (0 + 1)*-1*0. Let u(x) = -x - 4. Let q(w) = -w - 3. Let o(n) = -4*q(n) + 3*u(n). Let i be o(p). Give y(i).
-2
Let p(b) be the first derivative of 3*b**2 + b + 1. Suppose -3*m - 5 = -2*l, l = -3 - 2. Let h be (m - -4)/(-3 - -2). Determine p(h).
7
Let y(x) be the first derivative of -x**3/3 - 4*x**2 - 3*x + 5. Give y(-4).
13
Suppose 0 = -a - 3*a + 16. Let s(r) = -2*r - 9. Let b be s(-6). Let j(x) = b*x + 4*x - 8*x + a. Give j(0).
4
Let c(h) be the first derivative of -3*h**2/2 + h - 5. Give c(-3).
10
Let l(v) = 7*v**2 + 21*v. Let b(u) = -2*u**2 - 5*u. Let w(o) = -9*b(o) - 2*l(o). What is w(